a factor of 17910995?
True
Does 2719 divide 1025915248?
False
Is 6 a factor of 145385209?
False
Is 162 a factor of 14271811?
False
Is 9 a factor of 303822?
True
Is 1107 a factor of 590150556?
True
Is 86662277 a multiple of 1581?
False
Does 5312 divide 66963072?
True
Does 317 divide 128758743?
True
Does 792 divide 35658498?
False
Does 122 divide 6367180?
True
Does 313 divide 237233968?
True
Does 3906 divide 84026862?
False
Is 120989657 a multiple of 48?
False
Does 53 divide 501153847?
False
Is 46801457 a multiple of 251?
False
Does 18 divide 918425365?
False
Is 439 a factor of 14897465?
True
Is 1835422406 a multiple of 3442?
True
Is 8 a factor of 953694011?
False
Is 71103521 a multiple of 14?
False
Is 1153 a factor of 287773811?
True
Is 200238134 a multiple of 78?
False
Is 321 a factor of 64529025?
True
Is 12 a factor of 283455196?
False
Does 696 divide 49068500?
False
Does 41 divide 141727939?
True
Does 57 divide 77639700?
True
Is 24769065 a multiple of 1865?
True
Is 72205729 a multiple of 625?
False
Is 53707065 a multiple of 2?
False
Is 555 a factor of 613530903?
False
Does 634 divide 258120420?
True
Does 28 divide 47091716?
True
Does 33 divide 318860986?
False
Is 455535211 a multiple of 24?
False
Is 391496127 a multiple of 584?
False
Does 962 divide 15138976?
False
Does 304 divide 14045712?
True
Is 58 a factor of 76532441?
False
Does 531 divide 34825982?
False
Does 15 divide 21334785?
True
Is 30 a factor of 6724440?
True
Does 3 divide 155161122?
True
Is 49723218 a multiple of 28?
False
Is 112 a factor of 47380480?
True
Is 6 a factor of 39588156?
True
Is 1062051800 a multiple of 461?
True
Is 73735860 a multiple of 60?
True
Does 5 divide 607339127?
False
Is 767 a factor of 79960190?
False
Does 29 divide 1263089751?
True
Does 271 divide 35120787?
True
Is 14 a factor of 15920156?
True
Is 103 a factor of 28374302?
False
Does 31 divide 50996713?
False
Does 1920 divide 28811520?
True
Is 535 a factor of 801612435?
True
Does 296 divide 6178408?
True
Is 49723758 a multiple of 45?
False
Is 609 a factor of 87029943?
False
Is 103 a factor of 47886893?
False
Does 13 divide 1279809973?
True
Is 33490371 a multiple of 1739?
False
Does 176 divide 148299184?
True
Does 11 divide 31717218?
False
Does 6 divide 14381054?
False
Is 493417650 a multiple of 50?
True
Is 74 a factor of 53802958?
True
Is 706 a factor of 38570192?
True
Is 43703168 a multiple of 168?
False
Is 63 a factor of 35219368?
False
Is 48470180 a multiple of 10?
True
Is 506 a factor of 694155424?
False
Is 6 a factor of 8763753?
False
Is 1091 a factor of 372939803?
True
Is 7222 a factor of 343796088?
True
Does 7 divide 4988730?
False
Does 93 divide 445625217?
True
Is 2483865588 a multiple of 6716?
True
Does 140 divide 891667?
False
Is 4486 a factor of 1608378264?
False
Is 673515905 a multiple of 9?
False
Is 264 a factor of 426143?
False
Does 4483 divide 42870929?
True
Does 6598 divide 436860834?
False
Is 1804459 a multiple of 486?
False
Is 87354440 a multiple of 122?
True
Is 2637515910 a multiple of 2018?
True
Is 94471173 a multiple of 1083?
True
Is 14 a factor of 1209090813?
False
Is 70 a factor of 637189119?
False
Is 39029412 a multiple of 654?
True
Is 278153326 a multiple of 946?
True
Is 13 a factor of 169283751?
True
Does 5 divide 7076177?
False
Is 1529405380 a multiple of 361?
True
Is 293 a factor of 27607701?
False
Is 438378916 a multiple of 2972?
True
Is 25 a factor of 2078161730?
False
Is 34 a factor of 4334039?
False
Does 6 divide 131482386?
True
Does 4143 divide 132157809?
False
Does 122 divide 1107394?
True
Does 143 divide 3974586544?
False
Is 1040 a factor of 123348160?
True
Does 184 divide 592538062?
False
Does 9 divide 480065346?
True
Does 45 divide 28985566?
False
Is 41570414 a multiple of 35?
False
Does 5 divide 1930405?
True
Is 665 a factor of 537045161?
False
Is 38 a factor of 32810765?
False
Does 252 divide 124403793?
False
Does 1288 divide 122288517?
False
Is 1655456 a multiple of 88?
True
Is 70 a factor of 2847140800?
True
Is 10 a factor of 113208890?
True
Is 1375566571 a multiple of 7225?
False
Is 35 a factor of 901111085?
True
Is 11410 a factor of 3634974980?
True
Is 5206 a factor of 875598739?
False
Is 24958805 a multiple of 17?
True
Is 10411217 a multiple of 384?
False
Is 5 a factor of 393322600?
True
Is 20 a factor of 267425090?
False
Is 3 a factor of 25978959?
True
Does 4282 divide 311215760?
True
Is 74169370 a multiple of 121?
True
Does 54 divide 216368820?
True
Does 105 divide 1376124?
False
Does 5 divide 4071143?
False
Is 20 a factor of 71482240?
True
Does 3862 divide 1179658072?
False
Is 47883034 a multiple of 965?
False
Does 3311 divide 2971694530?
False
Is 153 a factor of 25364595?
False
Does 415 divide 1890642890?
True
Is 32 a factor of 357944?
False
Is 524245728 a multiple of 1632?
True
Does 1285 divide 41285765?
True
Does 1721 divide 638521621?
False
Is 49477986 a multiple of 4?
False
Is 33709812 a multiple of 46?
True
Is 71 a factor of 28110249?
True
Is 5 a factor of 49927050?
True
Is 203955104 a multiple of 27?
False
Is 2289 a factor of 48812807?
False
Does 140 divide 69121360?
True
Is 633380793 a multiple of 3?
True
Does 6 divide 29368242?
True
Is 1260 a factor of 1541516760?
True
Is 569082699 a multiple of 2169?
True
Is 192 a factor of 6886848?
True
Is 20570985 a multiple of 935?
False
Is 27517551 a multiple of 6?
False
Is 24 a factor of 16701312?
True
Is 9 a factor of 92613285?
True
Does 133 divide 1547544110?
True
Does 393 divide 439410942?
True
Is 2763722 even?
True
Is 30 a factor of 81605325?
False
Does 548 divide 699135660?
True
Does 46 divide 171301359?
False
Does 320 divide 22188800?
True
Is 30469680 a multiple of 15?
True
Is 81 a factor of 61244112?
False
Is 471 a factor of 63252003?
True
Is 84185514 a multiple of 63?
True
Is 24450417 a multiple of 32?
False
Is 1201026749 a multiple of 74?
False
Is 5394 a factor of 4685255370?
True
Does 81 divide 47300198?
False
Is 1515944808 a multiple of 204?
True
Does 3913 divide 3609832752?
False
Is 7 a factor of 16932843?
False
Is 271874375 a multiple of 115?
True
Does 16 divide 725590128?
True
Does 2164 divide 1767865?
False
Is 1373 a factor of 22363424?
True
Is 1682 a factor of 359642339?
False
Is 23258812 a multiple of 61?
True
Is 43279212 a multiple of 68?
True
Is 59 a factor of 269253167?
True
Is 2534998400 a multiple of 160?
True
Does 624 divide 3490032?
True
Is 1099 a factor of 250972036?
True
Is 21 a factor of 993088?
False
Is 25 a factor of 5894100?
True
Does 1093 divide 44878618?
False
Does 1164 divide 58797817?
False
Is 27423159 a multiple of 11?
False
Is 2244 a factor of 22505076?
True
Does 19 divide 169123864?
True
Is 204 a factor of 1375544695?
False
Is 26902824 a multiple of 598?
True
Is 1046470 a multiple of 50?
False
Is 94 a factor of 626547768?
False
Is 10332810 a multiple of 45?
True
Is 535279637 a multiple of 50?
False
Does 86 divide 559346322?
True
Is 741 a factor of 9582241?
False
Is 2431 a factor of 88506413?
False
Does 145 divide 1791040?
True
Is 6409237629 a multiple of 8572?
False
Is 125 a factor of 5452302?
False
Is 294 a factor of 913937220?
True
Is 1009786204 a multiple of 28?
True
Is 1390558978 a multiple of 661?
False
Does 38 divide 64799272?
True
Does 51 divide 14601716?
False
Does 18 divide 71098849?
False
Does 11 divide 189326478?
True
Is 6 a factor of 23417120?
False
Does 14466 divide 4024151880?
True
Is 3247118 a multiple of 7?
True
Is 39 a factor of 7919067?
True
Does 2944 divide 126103296?
True
Is 1374 a factor of 181644115?
False
Does 469 divide 40131818?
False
Does 64 divide 252815976?
False
Is 175 a factor of 2849350?
True
Does 102 divide 2936440834?
False
Is 162 a factor of 1012321977?
False
Is 16 a factor of 71718192?
True
Does 41 divide 316538245?
True
Is 688 a factor of 574224224?
False
Is 110077350 a multiple of 50?
True
Does 776 divide 136049872?
True
Does 8 divide 41566413?
False
Is 5498 a factor of 160546982?
False
Does 518 divide 580033357?
False
Is 530127490 a multiple of 271?
True
Is 3167 a factor of 578594033?
False
Is 706 a factor of 134371568?
True
Does 241 divide 69089845?
False
Is 2474344314 a multiple of 26?
True
Does 30 divide 3468447?
False
Is 57120378 a multiple of 14?
True
Is 368262394 a multiple of 1377?
False
Does 37 divide 241433390?
False
Does 1